Let j = 22 + m. Let f(x) = -2*x - 1. Determine f(j).
1
Let a(u) = 3*u. Suppose -2*z + 8*d - 5 = 7*d, z - 15 = 4*d. Suppose 0 = t + 4 + 2. Let v(n) = -4*n + 1. Let o(p) = t*a(p) + z*v(p). What is o(7)?
9
Let g(j) be the second derivative of -j**3/6 - j**2 + 2*j. Let u = -23592 - -23594. Calculate g(u).
-4
Let u(n) be the second derivative of n**5/20 + 5*n**2 + 71*n + 2. What is u(0)?
10
Let v(x) = 3*x**2 + 3*x + 4. Let h be ((-8)/14)/((-10)/35). Suppose 3*w - 5*b = 14, h*w = 3*b + 4 + 5. What is v(w)?
40
Let o(n) = -n**3 + 3*n**2 + 11*n + 20. Let i be o(5). Let s(l) be the second derivative of 0*l**2 + 1/6*l**3 + i*l + 0. Determine s(2).
2
Let p(n) be the first derivative of 3*n**2/2 + 3*n + 23. Let h be 33/44*-6*(-2)/(-3). Give p(h).
-6
Let t = 3510 + -3517. Let w(c) = -c**3 - 6*c**2 + 8*c + 8. Determine w(t).
1
Let j be (-204)/(-272) - -2*86/16*-1. Let q(w) = w**3 + 9*w**2 - 11*w + 8. Calculate q(j).
18
Let d(i) = 2*i**2 + 5*i. Let u(y) = 3*y**2 + 8*y. Let n(j) = -8*d(j) + 5*u(j). Let m = 3038 - 3040. Give n(m).
-4
Let w = 280 - 257. Let d(h) = 21*h + w*h - 58*h + 1 + 15*h. Determine d(-6).
-5
Let y(x) = x**2 - 57 + 7*x - 15*x - 2*x**2 + 0*x**2 + 76. Give y(-13).
-46
Let v(m) = 4 - 9*m - 2 - 122928*m**3 + m**2 + 122930*m**3. Give v(2).
4
Let b(w) = -w**3 + 8*w**2 + 2*w - 11. Suppose -4 = 2*c - 14. Determine b(c).
74
Let g = -24073 - -24069. Let n(b) = 31*b + 127. Give n(g).
3
Suppose -3*k = -11*x + 7*x - 18, 23 = 4*k - 5*x. Let p(w) = -59*w**3 + 58*w**3 + 5*w - 3*w**2 + 1 + w**k. Let d(j) = -j - 4. Let i be d(0). Determine p(i).
13
Suppose 4*r - 4*z = 56, -5*r + 2*z - 7 = -53. Let a(s) = -5*s + 38. Calculate a(r).
8
Let j = 2500 + -2503. Let p(x) = -2*x**2 + 4*x + 6. Calculate p(j).
-24
Let k(i) = -i**3 - 11*i**2 + 16*i + 19. Let x be 1 - 14 - (161 + -162). What is k(x)?
-29
Let p(t) = -t + 4. Let d(o) = -9*o - 33 + o**2 - 24 + 0*o + 13. Suppose 0 = -21*b - 49 + 322. Let a be d(b). What is p(a)?
-4
Let p(n) = 3*n - 6. Let u be 4 - ((1 - 1) + 1). Let k be p(u). Let v(t) = -3*t + 9 + k - 13 + 3. What is v(2)?
-4
Let a(r) = r**2 + 38*r + 365. Let p be a(-17). Let f(i) be the first derivative of -4/3*i**3 + 1/4*i**4 + p - 2*i**2 + i. Calculate f(5).
6
Let v(c) = c - 5. Let h be 10/4*(-2 - (-1 - 3)). Suppose 6 = -h*u + 16. Suppose u*j + 5 = 19. What is v(j)?
2
Let q(h) = h**3 + 3*h**2 - 6*h - 3. Let b be (-141)/((18/(-7))/6). Let g = 325 - b. Determine q(g).
5
Let r(n) be the first derivative of n**2 + 5*n - 12. Let k be r(3). Let i(h) = 12*h + k*h - 7 - 22*h. Calculate i(7).
0
Let w(k) = 2*k**3 - 3*k**2 + 4*k - 3. Let z = -689 + 698. Suppose 2*l - 18*g + 13*g + z = 0, -4*g + 21 = 3*l. Calculate w(l).
36
Let x(l) be the first derivative of -7*l**2/2 - 3*l - 1908. Determine x(-6).
39
Let o(t) = 45*t**2 + t**3 + 4 + 48*t**2 - 177*t**2 + 45*t**2 + 44*t**2 - 37*t. Determine o(-9).
13
Let r(s) be the third derivative of s**4/8 + s**3 - 2*s**2. Let b be 98 + -109 - 17*-1. Let t(u) = 3*u + 5. Let l(f) = b*r(f) - 7*t(f). Calculate l(-3).
10
Let g(y) = -y + 30. Let n(k) = 4*k**2 - 30*k + 40. Let o be n(7). Give g(o).
4
Let j = 13361 + -13356. Let f(i) = 2*i**2 - 3*i - 15. Give f(j).
20
Suppose -3*q - 14 = j, 3*q = -q - 20. Let u be (6 + 1 - j) + 1. Let i(y) = 4*y**2 - 7*y**3 + 2*y**3 - 2*y - 1 - 4*y**3 + u*y**3. Give i(2).
-5
Let p(m) = m**3 - 6*m**2 - 7*m. Suppose -8*q - 1556 = -1620. Determine p(q).
72
Let g be (-14)/(-6) - (2600/150 - 39). Let r(q) = -q + 51. Give r(g).
27
Suppose -5071*b + 5077*b - 72 = 0. Let c(v) = -v + 16. Determine c(b).
4
Let z(w) be the first derivative of -w + 4 + 14/3*w**3 - w**2. Let l be 0 + 3 - (-4)/(-1). Calculate z(l).
15
Let v(l) be the first derivative of -9*l**2/2 - 3*l - 1. Let w be -13 + (-3)/(162/288)*3/(-2). Determine v(w).
42
Let h(n) be the first derivative of -n**2 + n - 4. Let j(y) be the third derivative of -y**4/8 + y**3/3 + 77*y**2. Let l(r) = -8*h(r) + 5*j(r). Calculate l(0).
2
Suppose -2*o = -5 + 9. Let g be (153/34)/(1/o). Let r(j) = -j**2 - 9*j - 12. Give r(g).
-12
Let k be 17 - (5 + -10 + 9) - 4. Suppose v - 3 = -k. Let a(n) = -6 - n + 1 + 0. Calculate a(v).
1
Let f(l) = 9*l**3. Let c = -34 + 38. Suppose 2*n = -c*n + 66. Let v(q) = 5*q**3. Let j(w) = n*v(w) - 6*f(w). Determine j(0).
0
Let c(s) = -3*s**2. Let i(b) = 2*b - 57. Let t be i(0). Let h = t + 57. Suppose 0 = -3*q - h*x + 4*x - 1, -4*q = -4*x. What is c(q)?
-3
Let c(r) = r. Let j be c(5). Let l(g) be the first derivative of g**3/3 - 3*g**2 - g - 3258. Give l(j).
-6
Let c(f) = -2*f + 8*f + 261 - 113 + 10*f - 108. Give c(-8).
-88
Let h(r) = r**2 + 7*r - 5. Let p(f) = 6 - 15 - 15*f - 25 - 33. Let b be p(-4). Give h(b).
-5
Let j(y) = y**2 + 1. Let c(o) = -5*o**2 + 4*o - 1. Let b(p) = c(p) + 4*j(p). Let v = 16096 + -16090. Determine b(v).
-9
Let c = -129 - -154. Suppose 8 = c*g - 21*g. Let p(d) = 17*d - 37*d - g + d**2 + 19*d. Determine p(-3).
10
Let g = -1935 + 1923. Let k(b) = -5*b + 16. Determine k(g).
76
Let k(b) = -b + 4. Let c be (-13)/(-4) - 13*(-4)/(-208). Suppose 4*t + 3*r = 13, 0 = -c*t - t - 2*r + 14. Give k(t).
0
Let u = -306 - -309. Let y(o) = -2*o - 4 + o - 6 + u. What is y(8)?
-15
Let a(d) = d**2 - 22*d - 51. Let i be a(24). Let f = -19 + 21. Let q(t) = -t**3 + 3*t**3 + 3*t**2 + t - f - t**3 + 0. What is q(i)?
-5
Suppose -10*g + 889 = -791. Let r(h) = h**2 - g*h - 171*h - 171*h + 505*h. Let q = -4 - -8. Give r(q).
-4
Let x = -47 - -97. Let t be (64/80)/((-4)/x). Let d(y) = y + 8. Give d(t).
-2
Let a(c) = 7*c + 7. Let n(s) = -13*s - 13. Suppose 3*h = -2*o + 6*o - 41, -15 = h - 2*o. Let v(i) = h*a(i) - 6*n(i). Give v(1).
2
Let q(t) = 7*t**2 - 8*t - 8. Let y(o) be the third derivative of o**5/20 - o**4/6 - 2*o**3/3 + 2*o**2 - 63. Let d(l) = 2*q(l) - 5*y(l). Give d(6).
-8
Let b(u) = -u. Let z(f) = -f**2 + 7*f + 20. Suppose 34 = -2*l - 28. Let d = -22 - l. Let p be z(d). What is b(p)?
-2
Suppose -45*x = -8 - 37. Let v(g) = 6*g**3 + 2*g + 1. Let s(r) be the first derivative of r**2/2 + 5. Let d(n) = -2*s(n) + v(n). Calculate d(x).
7
Suppose 4*y + 3*b - 6 = 5, 0 = 4*y + b - 9. Suppose 6 = y*r - 2*k, -3*r = -5*r - 2*k + 22. Let f(h) = -h**2 + 8*h - 5. Calculate f(r).
2
Suppose 2*n - n - 50 = 0. Let h = n + -47. Let j(d) = 13 + 3*d - 8 - 3*d**h - 4 + d**3. What is j(-2)?
11
Let f = -26 + 32. Suppose -2 + 20 = f*l. Let q be (-3*(-4)/4)/(-1) + l. Let s(t) = -t**2 + t - 13. What is s(q)?
-13
Suppose -15 = 10*h - 5*h, -4*y - 605 = 3*h. Let t = y - -149. Let v(a) be the first derivative of -a**3/3 + 5*a - 29. What is v(t)?
5
Let t(q) = 74*q**3 + 105*q**2 - 99*q - 128. Let w(m) = -53*m**3 - 70*m**2 + 66*m + 85. Let d(b) = 5*t(b) + 7*w(b). Determine d(34).
-11
Let v(x) = -289 + 4*x + 854 - 281 - 290 + 0*x. Let y(h) = -7*h + 11. Suppose n = 3*n + 5*t - 30, 4*n = -3*t + 32. Let i(k) = n*v(k) + 3*y(k). What is i(7)?
-4
Suppose -21 = 4*w - 9, 3*h = -w + 18. Let f(z) = -5*z + 1. Determine f(h).
-34
Let v(o) = o**3 - 5*o**2 + 7*o - 1. Let n = -323 - -328. Calculate v(n).
34
Let i(f) be the second derivative of f**7/840 - f**6/45 - f**5/15 - f**4/8 - 3*f**3/2 + f**2/2 + 69*f. Let h(v) be the second derivative of i(v). Give h(9).
6
Let q(i) = 157 + 918*i - 22 - 489*i - 454*i. Give q(5).
10
Let t(k) = -16*k**3 + 2*k**2 + 8*k - 82. Let z(d) = -3*d**3 + 2*d - 16. Let h(o) = -4*t(o) + 21*z(o). Suppose 56 = 4*i + 28. Calculate h(i).
13
Let x = 508 + -118. Let p(c) = c**2 - x + 200 + 7*c + 196. What is p(-6)?
0
Let z(x) = 0*x**2 + x + 306 - 312 + 4*x + 8*x**3 - 2*x**2 - 9*x**3. Determine z(-5).
44
Let k(s) = -s**2 - 8*s + 6. Let o be 9/18 - 36/8. Let c be (2/o)/(81/1134). Determine k(c).
13
Let o(r) = 2*r + 21. Let x = -1157 - -631. Let p = -533 - x. What is o(p)?
7
Let g be 3 - (-3 - (14 - 4)). Let p = g + -23. Let k(z) be the first derivative of -z**3/3 - 3*z**2 + z - 122. What is k(p)?
-6
Let o = -3 - -3. Let z(t) = t**2 - t - 16. Let b(i) = 1. Let g(h) = 3*b(h) - z(h). Give g(o).
19
Let y(x) = x**2 - 3*x - 69. Let q be y(10). Let a(r) = -22*r + 22. Let b be a(q). Let d(g) = -g**3 - g**2 - g + 7. What is d(b)?
7
Let w(l) be the third derivative of l**8/20160 + 7*l**5/20 + l**2 + 10. Let z(h) be the third derivative of w(h). Determine z(4).
16
Let m(g) = 4*g + 1. Suppose -155*t + 99*t - 224 = 0. Determine m(t).
-15
Let n(u) = -4*u**2 - 1. Let c(r) = 5*r**2 - 